{"id":3948,"date":"2014-09-15T13:06:35","date_gmt":"2014-09-15T13:06:35","guid":{"rendered":"https:\/\/ilgiardinodilulu.it\/debug\/?page_id=3948"},"modified":"2019-09-16T11:31:15","modified_gmt":"2019-09-16T11:31:15","slug":"corsi","status":"publish","type":"page","link":"https:\/\/ilgiardinodilulu.it\/debug\/corsi\/","title":{"rendered":"Corsi"},"content":{"rendered":"<p><span style=\"color: #ff00ff;\"><strong>Inglese<\/strong><\/span><\/p>\n<p>Con un metodo giocoso i bambini impareranno l\u2019inglese in modo naturale, divertente e appassionante. <span style=\"color: #000000;\">Canzoni, giochi e balli per avvicinare i bambini a questa bellissima lingua.<br \/>\n<\/span><\/p>\n<p><span style=\"color: #339966;\"><strong>Musica 0-36 mesi<br \/>\n<\/strong><\/span><\/p>\n<p>Il corso offre l\u2019opportunit\u00e0, ai bambini e agli adulti, di ritagliarsi uno spazio piacevole e rilassante, in cui incontrarsi e istituire un contatto attraverso la musica e il movimento.<\/p>\n<p>Per i bambini sar\u00e0 un\u2019occasione importante per sviluppare la propria musicalit\u00e0, in una fascia d\u2019et\u00e0 in cui la capacit\u00e0 di apprendimento \u00e8 massima. Saranno aiutati a costruire un\u2019attitudine a pensare e a percepire la musica, a decodificarla molto naturalmente, come un qualunque altro linguaggio, ad \u201cagirla\u201d attraverso il movimento.<\/p>\n<p>I genitori impareranno a relazionarsi con i propri figli servendosi di canali di comunicazione diversi dal semplice linguaggio verbale, sperimentando un modo del tutto nuovo di interagire con loro.<\/p>\n<p>&nbsp;<\/p>\n<p><span style=\"color: #ff6600;\"><strong>Insieme in movimento<\/strong><\/span><\/p>\n<p>Incontri di danza creativa per mamme e bimbi<\/p>\n<p>Per nove mesi, nella pancia della mamma, ci si prepara ad entrare in questo mondo avvolti dal suono del cuore, cullati dal fruscio del respiro ed accarezzati dalle vibrazioni del corpo e della voce della madre. I suoni e la danza ci accompagnano prima ancora di aprire gli occhi al mondo e per sempre ci accompagner\u00e0.<\/p>\n<p>Uno spazio di incontro, un momento speciale, divertente e rilassante per tutte le mamme con i loro bambini. Attraverso il contatto fisico e il profondo rilassamento che procurano la danza e la musica si rinforza il vincolo tra madre e beb\u00e8 condividendo l\u2019esperienza con altre mamme, in un clima rilassato e accogliente; riscoprendo il piacere di muoversi e rinnovare le energie del corpo e della mente.<\/p>\n<p>Maria Teresa Farella Danzatrice, Danzamovimentoterapeuta, Educatore.<\/p>\n<p>&nbsp;<\/p>\n<p><strong><span style=\"color: #ff9900;\">Do re mi fa&#8217; musica<\/span><\/strong><\/p>\n<p>Il ritmo, l\u2019altezza, l\u2019intensit\u00e0,il timbro. La magia del suono e del silenzio. La musica in ogni sua forma ed espressione. La musica come mezzo e non come fine per la formazione integrale dell\u2019individuo. La musica come comunicazione. Come strumento capace di creare immagini e storie. Per sviluppare la creativit\u00e0. Per migliorare l&#8217; espressione ritmica. Per scoprire l\u2019emozione di uno strumento che suona. Per imparare note giocose e per conoscere tutto quello che gira loro intorno. Vieni a provare. Vieni ad ascoltare il suono che la meraviglia fa. A cura di Luca D&#8217; Aversa<\/p>\n<p>&nbsp;<\/p>\n<p>&nbsp;<\/p>\n","protected":false},"excerpt":{"rendered":"<p>Inglese Con un metodo giocoso i bambini impareranno l\u2019inglese in modo naturale, divertente e appassionante. Canzoni, giochi e balli per avvicinare i bambini a questa bellissima lingua. Musica 0-36 mesi Il corso offre l\u2019opportunit\u00e0, ai bambini e agli adulti, di ritagliarsi uno spazio piacevole e rilassante, in cui incontrarsi e istituire un contatto attraverso la [&hellip;]<\/p>\n","protected":false},"author":1,"featured_media":0,"parent":0,"menu_order":0,"comment_status":"closed","ping_status":"closed","template":"","meta":{"footnotes":""},"class_list":["post-3948","page","type-page","status-publish","hentry"],"_links":{"self":[{"href":"https:\/\/ilgiardinodilulu.it\/debug\/wp-json\/wp\/v2\/pages\/3948","targetHints":{"allow":["GET"]}}],"collection":[{"href":"https:\/\/ilgiardinodilulu.it\/debug\/wp-json\/wp\/v2\/pages"}],"about":[{"href":"https:\/\/ilgiardinodilulu.it\/debug\/wp-json\/wp\/v2\/types\/page"}],"author":[{"embeddable":true,"href":"https:\/\/ilgiardinodilulu.it\/debug\/wp-json\/wp\/v2\/users\/1"}],"replies":[{"embeddable":true,"href":"https:\/\/ilgiardinodilulu.it\/debug\/wp-json\/wp\/v2\/comments?post=3948"}],"version-history":[{"count":15,"href":"https:\/\/ilgiardinodilulu.it\/debug\/wp-json\/wp\/v2\/pages\/3948\/revisions"}],"predecessor-version":[{"id":4735,"href":"https:\/\/ilgiardinodilulu.it\/debug\/wp-json\/wp\/v2\/pages\/3948\/revisions\/4735"}],"wp:attachment":[{"href":"https:\/\/ilgiardinodilulu.it\/debug\/wp-json\/wp\/v2\/media?parent=3948"}],"curies":[{"name":"wp","href":"https:\/\/api.w.org\/{rel}","templated":true}]}}